 Let p(o) = o - 4. Let b be p(4). Let x(i) = -3*i**2 + 1 + b*i**2 + 4*i**l. What is x(0)?
1
Let i(x) = 2 + 4*x + 4 - 2 - 6. Calculate i(3).
10
Let v(m) = -m**3 - 2*m**2 - m - 1. Let s(f) = -3*f**3 - 11*f**2 - 7*f. Let d(w) = s(w) - 2*v(w). Calculate d(-4).
-26
Let f = 0 - -3. Let i(d) = d**3 - 2*d**2 - 3*d - 1. Calculate i(f).
-1
Let s(a) = 2*a**2 - a**2 + 2 - 2*a**2 - 5*a. Let d = 12 + -17. Calculate s(d).
2
Let m(k) = 2*k + 3. Let p(n) = n - 1. Let o(t) = m(t) + 3*p(t). Give o(-1).
-5
Let w(k) = -k**2 + 2. Suppose 0*z = 4*u - 3*z, 0 = -3*z. What is w(u)?
2
Let c = -14 + 17. Let x(n) be the second derivative of -n**4/12 + n**3/6 + 2*n**2 + 4*n. Determine x(c).
-2
Let l(u) be the third derivative of -u**5/60 + u**3/6 - u**2. Let c be ((-4)/3 + 2)*3. Determine l(c).
-3
Let c = -11 - -10. Let m(n) = -5*n**2 - 2*n - 1. What is m(c)?
-4
Let z(u) = 3*u + 23. Let b be z(-6). Let a(w) be the first derivative of -w**3/3 + 5*w**2/2 - 4*w + 2. Give a(b).
-4
Let z(u) = u**2 + 6*u - 2. Suppose -3 = -b + 5*d - 2*d, 6 = -3*b + 4*d. Let x be z(b). Let n(h) = -h**2 + h + 1. What is n(x)?
-5
Let u(p) be the second derivative of -2*p**2 - 5/12*p**4 + 0 + 1/20*p**5 + 7*p + 2/3*p**3. Give u(3).
-10
Suppose 0 = o, 3*a + 3*o = -0*o - 18. Let w(y) be the second derivative of -y**5/20 - 7*y**4/12 - y**3 - 7*y**2/2 - 2*y. What is w(a)?
-7
Suppose 5 = -w + 6*w. Let j(k) be the third derivative of 1/6*k**3 + 1/20*k**5 + 0*k**4 + 2*k**2 + 0 + 0*k. Determine j(w).
4
Suppose 0 = -g - 3*g + 3*o - 24, 4*g = 2*o - 20. Let w(t) = -t**2 - 1. Let b(z) = -2*z**2 - 5. Let f(i) = -b(i) + 3*w(i). Give f(g).
-7
Let x(n) = -n**2 + 4. Let r be x(0). Suppose 3*z = -z + 8. Let k(l) = -1 + 6*l**2 - z*l**2 - 5*l**2 + 6*l. What is k(r)?
7
Let y be 2 + 2/(-8)*0. Let a(l) be the first derivative of -4/3*l**3 + 1/4*l**4 + y*l**2 + l + 2. Give a(3).
4
Let i be (-1)/(-7) + 402/(-21). Let q = i - -21. Let k(t) = -t**3 + t**2 - 3*t + 2. Calculate k(q).
-8
Let v = 12 + -8. Let r be (-2)/(-5)*(v - -1). Let y(a) = 6*a + 0*a - r - 4*a. Calculate y(-2).
-6
Let o = 2 + 0. Let k(w) be the first derivative of 6 - 8 + o*w**2 + 3*w - 3*w. Give k(2).
8
Let c = 6 - -3. Let x(b) = b**2 - 10*b + 13. Determine x(c).
4
Let x(m) be the third derivative of m**5/60 + m**4/12 - m**3/2 - 11*m**2. Give x(-4).
5
Let l(s) = 2*s**2 + 2*s - 1. Suppose 5*p + 4*w - 18 = 0, w - 11 = -5*p + 1. Calculate l(p).
11
Suppose 6*i + 4 = 2*i. Let z(u) = 8*u**3 - 2*u**2 + 1. Give z(i).
-9
Suppose 6*v - 70 = v. Let m = -11 + v. Let p(g) = -2 - 4*g - 1 + 7. Calculate p(m).
-8
Let l(d) = -d - 2 - 2*d - 2*d. Let z = 13 - 13. Suppose z = -6*r + r - 15. Give l(r).
13
Let o(a) = -a**2 - 9*a - 11. Let q be o(-8). Let g(z) = -z**2 - 2*z + 3. What is g(q)?
0
Let m(v) = -5*v + 3. Suppose -3*b = -8*b + 10. Give m(b).
-7
Let s(t) = 8*t**3 - 3*t**2 + 10*t + 3. Let r(q) = 15*q**3 - 5*q**2 + 19*q + 6. Let h(x) = -6*r(x) + 11*s(x). Suppose 0 - 10 = 5*j. Calculate h(j).
9
Let i be (-50)/(-100)*(-2)/(-1). Let l(k) = -4*k - 16. Let d(u) = -u - 3. Let x(a) = -11*d(a) + 2*l(a). What is x(i)?
4
Suppose -3*g + 0 = -3. Let f(i) = -i**2 + 4 + 0 + g - 3*i - i. Give f(-6).
-7
Suppose 0 = -v - 0 - 3. Let q = -6 - v. Let b(f) = 4*f**3 - 7*f**2 + 6*f + 1. Let l(u) = -5*u**3 + 7*u**2 - 6*u. Let o(p) = q*l(p) - 4*b(p). Give o(6).
-4
Let w be (6/4)/((-6)/8). Let u be (0/1)/w + 4. Let x(p) be the first derivative of p**2/2 - 4*p - 18. Determine x(u).
0
Let a(b) = -2*b - 3 + 8*b + b + 2. What is a(1)?
6
Suppose -3*t + 6 = -6. Suppose t*p + 12 = -4*b, -17 = 3*p + 3*b - 8*b. Let a(v) be the first derivative of -v**4/4 - 4*v**3/3 + 5*v + 2. What is a(p)?
5
Let c(r) be the third derivative of r**5/60 + 5*r**4/24 + r**3 - r**2. Let p be c(-5). Let i(y) be the second derivative of -y**3/6 - 2*y. Give i(p).
-6
Let x be (-2)/4 + 1/2. Let n(h) = 7*h + 1. Let y(v) = 11*v + 1. Let t(c) = -8*n(c) + 5*y(c). Determine t(x).
-3
Let k(i) = -i - 1. Let r be (-7)/(-5) + 2/(-5). Let h(s) be the second derivative of -s**3/2 - 3*s**2/2 - 6*s. Let v(p) = r*h(p) - k(p). Give v(-2).
2
Let d = 7 - -2. Let h = -6 + d. Suppose -2*j + h*j = -b + 4, -12 = -4*j - 2*b. Let g(m) = -m**3 + 2*m**2 - m + 1. Give g(j).
-1
Let b(h) = h**3 + h. Let d(g) = 2*g**3 + 6*g**2 - 3*g + 5. Let a(i) = 3*b(i) - d(i). What is a(5)?
0
Let t(p) = -p**2 - 6*p - 6. Let z be t(-5). Let n be 1 - z - (2 + -3). Let o(q) = 3*q - n - 1 - 5*q. Give o(-4).
4
Let h(b) be the third derivative of b**6/120 + b**5/12 + b**4/24 + 5*b**3/6 + b**2. Let i = -39 - -28. Let y = i + 6. Determine h(y).
0
Let k(x) = -1406 + 2*x + 1406. Determine k(3).
6
Let y(f) = -2*f - 4*f + 3*f + 7*f**2. Let w(h) = -h**2 + h + h**2 - 4*h**2. Let v(x) = -5*w(x) - 3*y(x). What is v(4)?
0
Let s(r) = -3*r - 13. Let a(z) = -z - 3. Let u(h) = -9*a(h) + 2*s(h). Determine u(-6).
-17
Let a be (3 - 0) + 0 - 4. Let r(c) = 4*c**2 + c + 1. Let s be r(a). Let z(v) = -8*v**2 + 11*v**2 + s*v**2 + v. Determine z(-1).
6
Suppose 2*j + 121 = 5*m + 5*j, 0 = -m + 2*j + 19. Suppose -4*p - 3 + m = 0. Let l(g) = -g**3 + 5*g**2 + 5. Give l(p).
5
Let i(l) = -l - 4. Let u(k) = -3*k - 44. Let w be u(-16). What is i(w)?
-8
Let b be ((-22)/(-33))/((-4)/(-6)) + 3. Let g(y) = -2*y - 2*y**2 - 4 + 3*y**2 + 0*y**2. Give g(b).
4
Let i(q) be the second derivative of -q**3/6 - 7*q**2/2 - 9*q. Calculate i(-4).
-3
Suppose 30 = 5*s - 45. Suppose -8 = -3*q - 2*d + 14, -3*d + s = 0. Let l(w) = -3*w + 7. Let y(n) = -10*n + 22. Let x(o) = -16*l(o) + 5*y(o). What is x(q)?
-10
Let d(f) = -16*f**2 - 4*f - 26. Let v(x) = 3*x**2 + x + 5. Suppose -5*k - 25 = -5*l, -2*k - 2*l = -3*l + 7. Let j(t) = k*d(t) - 11*v(t). Determine j(-3).
-3
Let i(t) = t**3 - 2*t**3 + 5*t + 3*t**2 + 7*t**3 - 7*t**3. Give i(4).
4
Let r(d) = d**3 - 5*d**2 + 2*d + 3. Suppose -j = j - 8. Let s = j + 0. Give r(s).
-5
Suppose 0 = 5*v - 15 + 5. Let n(w) be the first derivative of -3/2*w**2 + v - 4/3*w**3 + 1/4*w**4 - 7*w. What is n(5)?
3
Let w(f) = -f + 19. Let k be -4 + 6/3 + 10. Determine w(k).
11
Let i(c) = -4*c**3 + 4*c - 3*c + c**2 - 15 + 14 + 0*c**2. Give i(1).
-3
Let y be 7*(-3)/(-3) - 3. Let d(c) = -c**2. Let u(g) = -g**3 - 3*g**2 - 7*g. Let l(o) = y*d(o) + u(o). What is l(-6)?
6
Suppose 4*f + 15 = f. Let n(z) be the second derivative of -1/3*z**4 - 1/20*z**5 - 2*z + 3*z**2 + z**3 + 0. Give n(f).
1
Let t = -76 + 79. Let w(a) be the first derivative of -3 - 1/3*a**t + a**2 + 3/4*a**4 - a. Determine w(1).
3
Let n = 19 - 18. Let m(o) = -2*o - 1. What is m(n)?
-3
Suppose -20 = -2*b - 2*b. Let o(s) = s - 5. Calculate o(b).
0
Let u(p) = p - 4 + 1 - 5 + 1 + p**2. Calculate u(-6).
23
Let t(w) = 2*w**3 + 17*w**2 - 4*w - 19. Let z(j) = -3*j**3 - 26*j**2 + 6*j + 29. Let r(h) = 8*t(h) + 5*z(h). What is r(-6)?
5
Let j be 1*3*(4 - 3). Let p(o) = -3 - o + 5 + o**j - 4*o**3 - 1. Calculate p(1).
-3
Let y(f) = -7*f**2 + 17*f + 13. Let d(c) = -4*c**2 + 9*c + 7. Let o(t) = -5*d(t) + 3*y(t). Let k(x) be the first derivative of o(x). Determine k(5).
-4
Let x(k) = k. Suppose 0 = -2*u + 4, 0 = -b - 2*u + u + 3. Let v(z) = -z**2 + z + 1. Let n(s) = b*v(s) - 4*x(s). What is n(-3)?
1
Let v(h) = 17*h - 9*h - 10*h. Suppose 4 = 5*o - 6. Determine v(o).
-4
Let i(a) = 7*a**3 - 19*a**2 + 17*a + 16. Let v(y) = -10*y**3 + 28*y**2 - 25*y - 24. Let w(z) = 7*i(z) + 5*v(z). What is w(6)?
-8
Suppose 17*r - 3*r = 42. Let g(s) be the first derivative of -4 + s - 9/4*s**4 + 0*s**r + 0*s**2. Give g(1).
-8
Let z(k) = 5*k - 3. Let b(x) = -x**3 - 5*x**2 + 7*x + 7. Let w be b(-6). Let d = 4 - w. What is z(d)?
12
Let w(z) = 6*z**2 - 1. Let q be w(-1). Let o be q/3*(-6 - -9). Let i(p) = -p**2 + 5*p + 5. Calculate i(o).
5
Suppose 0 = 4*x + r + 4*r, 2*x + 4*r = -6. Suppose 0 = -s + x*q - 30, s - 45 = 5*s - 5*q. Let k(j) = j**2 + 4*j - 7. Give k(s).
-2
Let l(s) = -s**2 - 2*s + 1. Let r(g) = -g**2 - 6*g - 5. Let k be r(-4). Suppose -f - k = 3*w, 0 = -4*w + f + 3*f - 20. Calculate l(w).
1
Let j(h) = 2*h**2 + 2*h - 1. Let w be (-16)/(-18) - 2/(-18). Give j(w).
3
Let y(b) = b**3 - 13*b**2 + 3*b + 1 + 0*b**3 + 19*b**2 + b. Give y(-3).
16
Let q be (-4)/56*-12*-7. Let x(b) = 2*b + 3. Give x(q).
-9
Let m = 1 - -7. Let v(n) = 7*n**2 - m*n**2 + 0*n - 6*n. Give v(-5).
5
Let x(s) = -s**3 + 4*s**2 - 4*s + 2. Let k be x(2). Let u(n) = n**3 - 1. What is u(k)?
7
Suppose -s - 8 = -3*i, 5*i = -0*